t is 2122 + 201?
10100
In base 12, what is -15b - -1b?
-140
In base 11, what is 241 - 3?
239
In base 13, what is 0 + 4?
4
In base 14, what is -b6 - -2?
-b4
In base 3, what is 11 - 1012?
-1001
In base 10, what is 18 + -19?
-1
In base 5, what is 1 - -1104?
1110
In base 4, what is 10 - -1011?
1021
In base 10, what is 4 + -5625?
-5621
In base 15, what is -3 - d2?
-d5
In base 7, what is 0 - -4303?
4303
In base 14, what is -5 + -4d1?
-4d6
In base 2, what is 1100000100 - 100?
1100000000
In base 14, what is -2c - a?
-38
In base 15, what is -5 - 18?
-1d
In base 14, what is -2 + 1671?
166d
In base 4, what is 121 + 202?
323
In base 16, what is 0 + 31?
31
In base 11, what is -2864 + 2?
-2862
In base 9, what is 44 - -5?
50
In base 2, what is 110011101 + -110?
110010111
In base 10, what is -40 - 0?
-40
In base 16, what is -6717 - 3?
-671a
In base 6, what is 203 - 2?
201
In base 14, what is -9 - -1c?
13
In base 10, what is -1 - 102?
-103
In base 14, what is 43 + -2b?
16
In base 13, what is 3c + 5?
44
In base 8, what is -4 - -33?
27
In base 12, what is -2 - -562?
560
In base 14, what is 1 - -38?
39
In base 6, what is -331 + -20?
-351
In base 12, what is 0 + -56?
-56
In base 11, what is -62 + 96?
34
In base 12, what is 6 - 22?
-18
In base 10, what is -18 + 24?
6
In base 3, what is -211 - -100?
-111
In base 9, what is 7 + 602?
610
In base 9, what is 1 - 125?
-124
In base 13, what is -8 - 227?
-232
In base 11, what is 25 - -1a?
44
In base 14, what is -20c + 5?
-207
In base 10, what is -51 + 0?
-51
In base 13, what is -b + 36?
28
In base 9, what is 758 - 3?
755
In base 2, what is -100101010010 + 10?
-100101010000
In base 16, what is 5 - 7c?
-77
In base 11, what is -8 - 14?
-21
In base 16, what is -180 + 1?
-17f
In base 3, what is -12100 + 12020?
-10
In base 8, what is 73 + -6?
65
In base 7, what is -3 - 12?
-15
In base 12, what is 21 + 6?
27
In base 8, what is 446 + -5?
441
In base 7, what is -62 - -2?
-60
In base 13, what is 43a + 0?
43a
In base 11, what is 5 + -55?
-50
In base 13, what is 37b + -1?
37a
In base 4, what is 233 - 123?
110
In base 16, what is -3 - -74?
71
In base 9, what is 3 - -6?
10
In base 11, what is -13 + -3a5?
-408
In base 15, what is -3 - 2b?
-2e
In base 4, what is -3 + -12103?
-12112
In base 2, what is 11 + -111010110?
-111010011
In base 4, what is 2203312 - -10?
2203322
In base 6, what is -31 - -22?
-5
In base 4, what is -2133 - 211?
-3010
In base 12, what is 7b - -8?
87
In base 2, what is -1100111 - -100100?
-1000011
In base 13, what is -91 + -3?
-94
In base 16, what is c + 4f?
5b
In base 12, what is -a2 - -5?
-99
In base 10, what is 29 - 41?
-12
In base 10, what is -63 + 1?
-62
In base 7, what is -333 - -44?
-256
In base 12, what is 1 - 515?
-514
In base 16, what is -18 + 4?
-14
In base 16, what is 44 + -a?
3a
In base 16, what is -1641 + 1?
-1640
In base 15, what is 0 + 2?
2
In base 8, what is 11 + -23?
-12
In base 5, what is 104 + 3001?
3110
In base 9, what is 2324 - 0?
2324
In base 10, what is -18 + -11?
-29
In base 14, what is -a4 + -1?
-a5
In base 2, what is 10 + 101001001?
101001011
In base 15, what is -33 - d?
-41
In base 13, what is -5 - 41?
-46
In base 15, what is 8d + 20?
ad
In base 3, what is -10 - 1111?
-1121
In base 6, what is -513 + -22?
-535
In base 8, what is 26 + -73?
-45
In base 4, what is 1 - 3022?
-3021
In base 14, what is 143 + -4?
13d
In base 13, what is 63 - -6?
69
In base 3, what is -11122201 + -10?
-11122211
In base 3, what is -21011 - 12020?
-110101
In base 14, what is b8 + 1?
b9
In base 4, what is -212302 + 11?
-212231
In base 5, what is -2 - -344?
342
In base 4, what is 10 - -121221?
121231
In base 8, what is 21452 + -1?
21451
In base 9, what is -5 - 486?
-502
In base 4, what is -3313 + 3?
-3310
In base 10, what is -6 - 1?
-7
In base 6, what is 4 + -225?
-221
In base 10, what is -180 + 2?
-178
In base 16, what is -98 + 2?
-96
In base 6, what is 45 + -22?
23
In base 7, what is -4 - -35?
31
In base 16, what is -21a + 1c?
-1fe
In base 12, what is 9a - -5?
a3
In base 11, what is 4 + 48?
51
In base 6, what is -1242 - 2?
-1244
In base 16, what is 245 + 4?
249
In base 6, what is 5334 + 1?
5335
In base 16, what is -5 + -3fa?
-3ff
In base 7, what is 6 - -1220?
1226
In base 10, what is -4 - -575?
571
In base 3, what is -2 - 22002?
-22011
In base 5, what is -42 - 1?
-43
In base 13, what is 69c8 - -2?
69ca
In base 5, what is 0 + -241?
-241
In base 12, what is 1 + -1157?
-1156
In base 8, what is -36 + 10?
-26
In base 8, what is 15414 + 2?
15416
In base 7, what is -645 - -14?
-631
In base 15, what is 2 - 26?
-24
In base 5, what is 20 + -402?
-332
In base 9, what is -234 - 17?
-252
In base 13, what is -c61 - -5?
-c59
In base 12, what is 116 - 5?
111
In base 12, what is -27 + 3?
-24
In base 15, what is -1 - -489?
488
In base 7, what is -42 + -2403?
-2445
In base 6, what is -1212 + 1?
-1211
In base 14, what is -4 - -a0?
9a
In base 8, what is 510 - 30?
460
In base 10, what is -3 + 120?
117
In base 15, what is 7 + -46e?
-467
In base 2, what is 11101011111 + 0?
11101011111
In base 13, what is 118 + 3?
11b
In base 11, what is -154 - -24?
-130
In base 2, what is 110011110100 - -11?
110011110111
In base 5, what is -401 - -23?
-323
In base 16, what is -5 + -25?
-2a
In base 15, what is 650 + 2?
652
In base 15, what is 62 + -3?
5e
In base 2, what is -11100 + -11111111?
-100011011
In base 9, what is -3 + -1?
-4
In base 7, what is -14212 + -2?
-14214
In base 2, what is 10 - 101110101?
-101110011
In base 3, what is -10022110 - 2?
-10022112
In base 5, what is -211 + 3?
-203
In base 5, what is 104 - -132?
241
In base 8, what is 1 + 514?
515
In base 4, what is 1232 - 10?
1222
In base 12, what is b + 101?
110
In base 8, what is 3 - -676?
701
In base 2, what is 100010010101 - -110?
100010011011
In base 2, what is -1011000011 + 1?
-1011000010
In base 16, what is 8f9 + -1?
8f8
In base 3, what is 10 - -1212?
1222
In base 13, what is c80 + -1?
c7c
In base 2, what is 111101000 - 101?
111100011
In base 14, what is -11 + 1?
-10
In base 14, what is a3 + c?
b1
In base 10, what is -130 - 0?
-130
In base 4, what is -2 + -2011210?
-2011212
In base 12, what is bb7 - 4?
bb3
In base 15, what is -8 - -18?
10
In base 10, what is 45 - 48?
-3
In base 2, what is 1010 - 10000101?
-1111011
In base 9, what is 11 - -588?
610
In base 5, what is 4 - 113?
-104
In base 15, what is 16 - 27e?
-268
In base 13, what is -1 + -1c?
-20
In base 4, what is -111 - 30?
-201
In base 2, what is -1000010 + 110001?
-10001
In base 8, what is -7 + -22?
-31
In base 7, what is -5 - -253?
245
In base 11, what is 349 - -4?
352
In base 6, what is 11 + 2?
13
In base 8, what is 1144 - -1?
1145
In base 16, what is 8 - -5f5?
5fd
In base 11, what is 2 + 34?
36
In base 15, what is 2e - -38?
67
In base 2, what is 101 - 101101010?
-101100101
In base 14, what is 75 - 1b?
58
In base 14, what is 65 - -4?
69
In base 4, what is -302 + -111?
-1013
In base 12, what is 11 - 113?
-102
In base 2, what is 100 + -100110?
-100010
In base 7, what is 30 - 136?
-106
In base 16, what is 2 + 116?
118
In base 6, what is 1101 - -3?
1104
In base 11, what is -2 - -1294?
1292
In base 10, what is 5 + -260?
-255
In base 16, what is -3 - 3e?
-41
In base 2, what is 11100 + -101?
10111
In base 5, what is 4 - 102?
-43
In base 4, what is -11 + -2122?
-2133
In base 6, what is -331 + 0?
-331
In base 11, what is -581 + 4?
-578
In base 4, what is 230110 - 2?
230102
In base 14, what is 265 - -9?
270
In base 4, what is -11 - -1030300?
1030223
In base 6, what is 4 - -20?
24
In base 6, what is -1503 - 1?
-1504
In base 6, what is 2 + -15442?
-15440
In base 11, what is 4 + -32?
-29
In base 11, what is 6 - -43?
49
In base 8, what is 3 - -72?
75
In base 10, what is 1 + 1173?
1174
In base 6, what is -5 + 511?
502
In base 5, what is 2 - 131?
-124
In base 9, what is 414 + 2?
416
In base 2, what is 10 - -1010010000?
1010010010
In base 4, what is -10 + -2333?
-3003
In base 4, what is -1 - -11?
10
In base 14, what is 4 + -32?
-2c
In base 15, what is 47e - 5?
479
In base 2, what is 100001100 - -11?
100001111
In base 15, what is 48 + 0?
48
In base 16, what is 6b3 + 6?
6b9
In base 4, what is 1 - 230113?
-230112
In base 4, what is -2310 + 1?
-2303
In base 14, what is 2 - -3a?
3c
In base 9, what is -12 - -72?
60
In base 10, what is -123 + 17?
-106
